 prime factors of d.
227
Suppose -2*s - 4*q + 11283 = 3*s, -4*s - 2*q = -9024. Suppose 0 = 5*f + 5*o - s, -4*o = 49 - 61. List the prime factors of f.
2, 7
Let d(z) = 44*z**2 - 52*z - 353. What are the prime factors of d(-13)?
7759
Suppose 1 + 5 = 6*h. Let j be -21 - -6 - h*(2 + 1). Let b(s) = s**3 + 19*s**2 + 10*s + 31. List the prime factors of b(j).
5, 7
Let c = -4740 - -7048. What are the prime factors of c?
2, 577
Let l(k) = -2*k + 16. Let c be l(7). Let b be (-46)/(c - 3) - -3. Let y = 10 + b. What are the prime factors of y?
59
Let x(j) = -176*j + 19869. What are the prime factors of x(-55)?
13, 2273
What are the prime factors of (2 - -612)/(7/1470*6)?
2, 5, 7, 307
Suppose -3 = -5*u - 5*r + 7, -2*u - 3*r + 2 = 0. Suppose 4*f = f - u*f. Suppose 5*w - 2*m - 303 = -f*w, 0 = -5*w - 3*m + 308. List the prime factors of w.
61
Let u = -7700 + 7701. Let i(a) = -1 - a + 2 + 64*a. List the prime factors of i(u).
2
Let u(s) = -11*s - 77. Let g be u(-7). Suppose 5*j = -g*j + 875. What are the prime factors of j?
5, 7
Let o = 11728 - -4637. What are the prime factors of o?
3, 5, 1091
Suppose -2*l + 1842 = 3*n, 0 = -n + 5*n + 3*l - 2456. Suppose 16*r - 378 = n. What are the prime factors of r?
2, 31
Let d = -18 + 53. Let o be (-2*(-21)/4)/((-26)/(-260)). Let y = o - d. List the prime factors of y.
2, 5, 7
Suppose -851*t = 5*o - 852*t - 178244, -o + 35650 = t. What are the prime factors of o?
3, 17, 233
Suppose -5*u - w - 25 = 0, 3*u + 11 = -2*w + 3. Let c = -10250 + 10129. Let l = u - c. List the prime factors of l.
5, 23
Suppose -g = -4*o + 16, 2*o = 2*g + 4*o - 18. Suppose -g*p - 4 = 0, 4*y + y - 2*p = 12. List the prime factors of (35 - 12)*4/y.
2, 23
Let w = 3185 - 5999. Let m = 4162 + w. List the prime factors of m.
2, 337
Let o(l) = 5 - 44*l + 80*l - 42*l. List the prime factors of o(-13).
83
Let f be -3 - (-6)/(-12)*-22. List the prime factors of (482/4)/(52/f - 6).
241
Let o(t) = 2*t + 27. Let v be o(-10). What are the prime factors of -1 - -224 - (-2 + -2 + v)?
2, 5, 11
Suppose 5*x = 2*c + 301556, 5*x = -13*c + 8*c + 301570. What are the prime factors of x?
2, 3, 7, 359
Let u be (9/12)/(1*(-7)/1288). What are the prime factors of ((-238)/(-51))/((-4)/u)?
7, 23
Suppose -18651 = 29*j + 2055. Let r = 2043 + j. What are the prime factors of r?
3, 443
Let n = -28197 - -44662. What are the prime factors of n?
5, 37, 89
Let z(p) = -70*p + 92. Let i be z(-21). Let w = -1045 + i. List the prime factors of w.
11, 47
Suppose -5*a + 206*u = 211*u - 25325, 0 = 3*a - 4*u - 15237. List the prime factors of a.
11, 461
Suppose 5*y - 15257 = -2*g, -58*y - 2*g + 3037 = -57*y. List the prime factors of y.
5, 13, 47
Suppose 261385 = 3*k - 2*s, 10*s - 14*s + 261427 = 3*k. What are the prime factors of k?
87133
Let v(b) = -7*b**3 + 27*b**2 + 208*b - 11. List the prime factors of v(-12).
13477
Let l(v) = 725*v**2 + 6*v - 36. What are the prime factors of l(3)?
3, 241
Let v = 9119 + 26339. List the prime factors of v.
2, 17729
Let h(d) = -7*d - 5*d - 63*d**2 - 60*d**2 + 124*d**2 + 15. Suppose -b = -f - 8 - 15, -106 = -5*b - 4*f. List the prime factors of h(b).
5, 47
Suppose 269*x - 242*x - 136971 = 0. What are the prime factors of x?
3, 19, 89
Suppose 3*t + 71 = c + 200, 0 = -c - 3*t - 153. Let p = c - -232. What are the prime factors of p?
7, 13
Let h(z) = -7*z + 430 + 726 - 7*z + 15*z. List the prime factors of h(0).
2, 17
Suppose -67*s + 1860336 + 2057516 = -651883. List the prime factors of s.
3, 5, 4547
List the prime factors of 10024 - (1*(0 + 0))/(-19 - -23).
2, 7, 179
Suppose 0 = -3*x + 5*o - 487, -2*x - 3*x - 4*o = 750. Let q = x - -34. Let s = 217 + q. List the prime factors of s.
97
What are the prime factors of -12990*(-18)/24*(-4 - (9 + -15))?
3, 5, 433
Let u(g) be the third derivative of 53*g**5/60 + g**4/12 - g**3/6 + 2*g**2 + 4*g. What are the prime factors of u(6)?
19, 101
Suppose 1062*s = 1202*s - 1531040. What are the prime factors of s?
2, 1367
Suppose 3*g + 4*j - 29 = 0, -5*g + 5*j + 0 = 10. Suppose -3473 = -5*a - 2*u, -g*a - 7*u + 10*u + 2067 = 0. List the prime factors of a.
3, 7, 11
List the prime factors of (444/(-60) + 5)*309060/(-27).
2, 17, 101
Let o(n) = -114*n**3 - 7*n**2 - 5*n + 10. List the prime factors of o(-4).
2, 3607
Let o = -2197 - -3127. Let d = 1495 - o. What are the prime factors of d?
5, 113
Suppose -52133 = -l - p, 20*l + 4*p + 104296 = 22*l. List the prime factors of l.
2, 131, 199
Let t be ((-4)/10)/((-1)/5). Suppose -t*o + s + 11 = 0, o - 4*o = -5*s - 20. Suppose o*j = 3*k - 144 + 33, 4*j - 84 = -3*k. What are the prime factors of k?
2
What are the prime factors of (126056/(-252))/(1/(-9))?
2, 2251
Let s be (6 - 9) + (-353 - 0). Let q be 6/(-21) + (-32)/(-42)*3. What are the prime factors of s/8*(-4 + q)?
89
Let v(r) = 17*r**2 + 2105*r + 176. List the prime factors of v(-128).
2, 3, 193
Let m(i) = -i**3 - 14*i**2 - 8*i + 72. Let p be m(-13). Let r(a) = 67*a - 56. What are the prime factors of r(p)?
7, 59
Let l = -3217 + 7201. List the prime factors of l.
2, 3, 83
Let w(t) be the first derivative of t**4/4 - 13*t**3/3 + 4*t**2 - 21*t - 12. Let a be w(12). Let y = 79 + a. List the prime factors of y.
2, 5
Suppose -3*a - b = -15 + 6, 0 = 4*a - b - 12. Suppose 3*f - 1105 = -5*r, -2*f - 1853 = -7*f + a*r. List the prime factors of f.
2, 5, 37
Let g be (-5)/(-4) + 254/8 + -4. Suppose -2*c - g*c = -9517. List the prime factors of c.
307
Let b(a) = 65*a**2 + 13*a - 34. Suppose 0 = -6*c + 8*c - 3*s - 6, 3*c = 5*s + 9. List the prime factors of b(c).
2, 5, 59
Suppose -76*j - 18*j + 270985 = -39*j. List the prime factors of j.
13, 379
Let f be (-3 - -38)*(-4)/(-10)*41. Suppose f + 81 = 5*o. List the prime factors of o.
131
Let t be -14 + 19 + (-2)/2. Suppose 2*f + t*u = 8, -2*f + 5 = 3*f - 5*u. What are the prime factors of f?
2
Suppose 5*l - 2*j = 470, -3*j = 2*l - 6*l + 369. Let c = l - 92. Suppose -4*v + 5*u + 1 + 13 = 0, -v + u = -c. List the prime factors of v.
2, 3
Let r(f) be the first derivative of f**4/2 - f**3 + 3*f**2 - 2*f + 18. What are the prime factors of r(5)?
7, 29
Let m = 18916 + -3837. List the prime factors of m.
17, 887
List the prime factors of 16 - (-71594 - (-210)/10).
3, 7, 487
Suppose 57 = p - 3*h + 39, -3*p - 5*h - 16 = 0. Suppose 5*q = 25, 0 = p*a + 5*q - 3621 - 25. What are the prime factors of a?
17, 71
Let w(c) = 169*c**2 + 93*c**2 + 0 - 2. List the prime factors of w(-1).
2, 5, 13
Suppose -5*b = -j - 1242, -75*b = 3*j - 76*b + 3712. Let s = -717 - j. List the prime factors of s.
2, 5, 13
Let q = -2724 + 4989. List the prime factors of q.
3, 5, 151
Suppose -29*w - 5*w + 24460 + 83966 = 0. List the prime factors of w.
3, 1063
Suppose -5*p = -0*b - 2*b + 30, 2*b = -2*p + 2. Suppose 5*m - 2*y - 406 = 0, 0*m + 305 = 4*m + b*y. List the prime factors of m.
2, 5
List the prime factors of ((-204258)/9)/((-8)/18) - (-855)/190.
3, 29, 587
Suppose -k = -3*l - 32082, l - 70933 = -4*k + 57330. List the prime factors of k.
3, 7, 509
Let n be 10/35*-1 + 16/7. Suppose -n*r - 1010 = -4*y, 0*r - 252 = -y + r. What are the prime factors of y?
11, 23
Let r(g) = -g**3 - 9*g**2 + 8*g + 15. Let u be r(-12). Let i = u + -318. What are the prime factors of i?
3, 11
Suppose 19*v - 9 - 67 = 0. List the prime factors of v/(-26) - (227856/78)/(-8).
5, 73
Let r = 9572 - 4537. What are the prime factors of r?
5, 19, 53
Let r(c) = -7*c**2 - 14*c + 10. Let k be r(11). Let t = -536 - k. What are the prime factors of t?
5, 7, 13
Let r = 3043 + -1201. What are the prime factors of r?
2, 3, 307
Suppose 3*z - 55347 = -p, 5*p - 9 = 2*p. Suppose -v - z = -17*v. What are the prime factors of v?
1153
Let n = -62 + -1057. Let u = n + 1751. What are the prime factors of u?
2, 79
Suppose -4*d + 671 = -329. Let i be d/(-4) - (-6)/4. Let z = 1 - i. What are the prime factors of z?
2, 31
Let y(v) = 403*v - 63. List the prime factors of y(2).
743
Let u(f) = 120*f - 1158. What are the prime factors of u(13)?
2, 3, 67
Suppose v + 3*d = 884, 4155 - 1514 = 3*v - 2*d. Suppose -2*z = -v - 113. What are the prime factors of z?
7, 71
Suppose -4*m + 58 = 26. Suppose -m*n - 3012 = -14*n. What are the prime factors of n?
2, 251
Let t(y) = 17*y**2 - 28. Let j(l) = 3*l**2 - 5. Let m(h) = -11*j(h) + 2*t(h). Suppose 0 = w + 2*w - 6. What are the prime factor